{"id":106,"date":"2023-02-23T10:25:11","date_gmt":"2023-02-23T09:25:11","guid":{"rendered":"https:\/\/www.oliver-gross.de\/?page_id=106"},"modified":"2023-03-17T14:24:12","modified_gmt":"2023-03-17T13:24:12","slug":"service","status":"publish","type":"page","link":"https:\/\/www.og-it-service.de\/?page_id=106","title":{"rendered":"Service"},"content":{"rendered":"\n<p class=\"wp-block-paragraph\">Vom Einzel &#8211; PC bis zum gro\u00dfen Netzwerk &#8230;<br>Wir k\u00fcmmern uns um Ihre IT<\/p>\n\n\n\n<figure class=\"wp-block-table\"><table class=\"has-border-color\" style=\"border-color:#ffffff00\"><tbody><tr><td><img loading=\"lazy\" decoding=\"async\" width=\"35\" height=\"34\" class=\"wp-image-112\" style=\"width: 35px;\" src=\"https:\/\/www.oliver-gross.de\/wp-content\/uploads\/2023\/02\/grafik-1-e1677145406194.png\" alt=\"\"><\/td><td>Betreuung und Wartung Ihrer PCs, NBs, Server, Netzwerkinfrastruktur<\/td><\/tr><tr><td><img loading=\"lazy\" decoding=\"async\" width=\"35\" height=\"34\" class=\"wp-image-112\" style=\"width: 35px;\" src=\"https:\/\/www.oliver-gross.de\/wp-content\/uploads\/2023\/02\/grafik-1-e1677145406194.png\" alt=\"\"><\/td><td>Fernwartung &#8211; f\u00fcr die schnelle Hilfe und um Fahrtkosten zu sparen<\/td><\/tr><tr><td><img loading=\"lazy\" decoding=\"async\" width=\"35\" height=\"34\" class=\"wp-image-112\" style=\"width: 35px;\" src=\"https:\/\/www.oliver-gross.de\/wp-content\/uploads\/2023\/02\/grafik-1-e1677145406194.png\" alt=\"\"><\/td><td>Backup, Firewall, Virenschutz, Mail-Archivierung<\/td><\/tr><tr><td><img loading=\"lazy\" decoding=\"async\" width=\"35\" height=\"34\" class=\"wp-image-112\" style=\"width: 35px;\" src=\"https:\/\/www.oliver-gross.de\/wp-content\/uploads\/2023\/02\/grafik-1-e1677145406194.png\" alt=\"\"><\/td><td>Beratung und Verkauf<\/td><\/tr><tr><td><img loading=\"lazy\" decoding=\"async\" width=\"35\" height=\"34\" class=\"wp-image-112\" style=\"width: 35px;\" src=\"https:\/\/www.oliver-gross.de\/wp-content\/uploads\/2023\/02\/grafik-1-e1677145406194.png\" alt=\"\"><\/td><td>&#8230;und vieles mehr!<\/td><\/tr><tr><td><\/td><td><\/td><\/tr><tr><td><img loading=\"lazy\" decoding=\"async\" width=\"35\" height=\"34\" class=\"wp-image-112\" style=\"width: 35px;\" src=\"https:\/\/www.oliver-gross.de\/wp-content\/uploads\/2023\/02\/grafik-1-e1677145406194.png\" alt=\"\"><\/td><td>&#8230;bei uns werden die Kunden&nbsp;<strong>GROSS<\/strong>&nbsp;geschrieben&#8230;<\/td><\/tr><\/tbody><\/table><\/figure>\n","protected":false},"excerpt":{"rendered":"<p>Vom Einzel &#8211; PC bis zum gro\u00dfen Netzwerk &#8230;Wir k\u00fcmmern uns um Ihre IT Betreuung und Wartung Ihrer PCs, NBs, Server, Netzwerkinfrastruktur Fernwartung &#8211; f\u00fcr die schnelle Hilfe und um Fahrtkosten zu sparen Backup, Firewall, Virenschutz, Mail-Archivierung Beratung und Verkauf &#8230;und vieles mehr! &#8230;bei uns werden die Kunden&nbsp;GROSS&nbsp;geschrieben&#8230;<\/p>\n","protected":false},"author":1,"featured_media":0,"parent":0,"menu_order":20,"comment_status":"closed","ping_status":"closed","template":"","meta":{"_crdt_document":"","footnotes":""},"class_list":["post-106","page","type-page","status-publish","hentry"],"_links":{"self":[{"href":"https:\/\/www.og-it-service.de\/index.php?rest_route=\/wp\/v2\/pages\/106","targetHints":{"allow":["GET"]}}],"collection":[{"href":"https:\/\/www.og-it-service.de\/index.php?rest_route=\/wp\/v2\/pages"}],"about":[{"href":"https:\/\/www.og-it-service.de\/index.php?rest_route=\/wp\/v2\/types\/page"}],"author":[{"embeddable":true,"href":"https:\/\/www.og-it-service.de\/index.php?rest_route=\/wp\/v2\/users\/1"}],"replies":[{"embeddable":true,"href":"https:\/\/www.og-it-service.de\/index.php?rest_route=%2Fwp%2Fv2%2Fcomments&post=106"}],"version-history":[{"count":15,"href":"https:\/\/www.og-it-service.de\/index.php?rest_route=\/wp\/v2\/pages\/106\/revisions"}],"predecessor-version":[{"id":260,"href":"https:\/\/www.og-it-service.de\/index.php?rest_route=\/wp\/v2\/pages\/106\/revisions\/260"}],"wp:attachment":[{"href":"https:\/\/www.og-it-service.de\/index.php?rest_route=%2Fwp%2Fv2%2Fmedia&parent=106"}],"curies":[{"name":"wp","href":"https:\/\/api.w.org\/{rel}","templated":true}]}}